93
Calculate the greatest common factor of 196 and 693007.
49
Calculate the greatest common divisor of 11797 and 2256.
47
What is the highest common factor of 17892 and 666?
18
What is the highest common divisor of 633950 and 40?
10
What is the greatest common factor of 2565 and 24225?
285
Calculate the greatest common divisor of 12 and 40472.
4
What is the greatest common divisor of 462 and 1232?
154
What is the highest common divisor of 13 and 1321021?
13
What is the highest common factor of 11219 and 832?
13
Calculate the highest common factor of 7774 and 338.
338
What is the highest common factor of 112 and 237916?
28
Calculate the greatest common factor of 960 and 250.
10
Calculate the highest common factor of 410 and 81470.
10
What is the greatest common divisor of 3258 and 5917614?
1086
Calculate the highest common divisor of 88713 and 9.
9
Calculate the greatest common factor of 7 and 47229.
7
Calculate the greatest common factor of 88 and 3102.
22
Calculate the highest common divisor of 996 and 204.
12
Calculate the greatest common factor of 10221 and 21.
3
What is the highest common divisor of 8892 and 14508?
468
Calculate the highest common factor of 10115 and 10.
5
Calculate the greatest common divisor of 9614 and 304.
38
What is the greatest common factor of 24 and 623608?
8
What is the greatest common divisor of 307303 and 1054?
31
What is the highest common factor of 75 and 7675?
25
What is the greatest common factor of 52513 and 2924?
17
What is the greatest common factor of 7771 and 779?
19
What is the highest common factor of 22662 and 288?
18
What is the highest common divisor of 1281588 and 2628?
876
Calculate the greatest common factor of 5481 and 31320.
783
What is the highest common factor of 183291 and 7994?
571
What is the highest common factor of 72 and 606222?
18
What is the greatest common factor of 40816 and 32?
16
What is the greatest common factor of 125833 and 207?
23
Calculate the highest common divisor of 558404 and 385.
77
What is the highest common factor of 5377 and 57?
19
What is the highest common factor of 174375 and 155?
155
Calculate the highest common factor of 476668 and 3497.
269
Calculate the highest common divisor of 220 and 6040.
20
What is the highest common factor of 178 and 93094?
178
Calculate the greatest common factor of 361 and 27911.
19
Calculate the greatest common divisor of 6097311 and 1018.
509
What is the highest common factor of 6227 and 221?
13
What is the greatest common factor of 11583 and 567?
81
What is the greatest common divisor of 287289 and 1398?
699
What is the highest common divisor of 155402 and 52?
26
What is the highest common divisor of 17 and 275281?
17
Calculate the highest common factor of 3 and 392043.
3
What is the greatest common factor of 182 and 85826?
26
What is the highest common factor of 7400 and 39035?
185
Calculate the greatest common divisor of 3550 and 785970.
710
Calculate the greatest common divisor of 900 and 2540.
20
What is the highest common divisor of 210 and 448620?
30
Calculate the highest common factor of 111503 and 119.
119
Calculate the highest common factor of 18 and 441.
9
What is the greatest common divisor of 27291 and 143?
11
Calculate the greatest common factor of 374 and 899184.
22
What is the greatest common divisor of 15134 and 966?
322
What is the highest common factor of 37674 and 6?
6
What is the greatest common factor of 1962792 and 104?
104
What is the highest common divisor of 17 and 4931326?
17
What is the highest common factor of 2916 and 378?
54
What is the highest common divisor of 204 and 101541?
51
Calculate the greatest common divisor of 12038 and 78.
26
Calculate the highest common factor of 1118712 and 126.
42
What is the highest common factor of 46 and 3109439?
23
What is the highest common factor of 81 and 12387?
3
Calculate the greatest common divisor of 266 and 878465.
133
What is the greatest common factor of 16055 and 6435?
65
Calculate the greatest common factor of 5400 and 3813300.
900
What is the highest common divisor of 128 and 4892?
4
What is the highest common divisor of 112 and 904484?
28
What is the highest common factor of 4187 and 2173?
53
What is the greatest common divisor of 9 and 102261?
3
What is the greatest common divisor of 1764672 and 1313?
1313
Calculate the highest common divisor of 5246 and 119438.
122
What is the highest common divisor of 24 and 6582?
6
What is the greatest common factor of 901600 and 96?
32
What is the greatest common divisor of 2627 and 8510?
37
What is the greatest common factor of 1812222 and 18?
18
Calculate the greatest common factor of 126 and 43008.
42
What is the greatest common divisor of 7409 and 496?
31
Calculate the highest common divisor of 743722 and 147.
49
Calculate the greatest common divisor of 15996 and 688.
172
Calculate the greatest common divisor of 7500 and 2892.
12
Calculate the greatest common factor of 63008 and 132.
44
What is the greatest common factor of 3274705 and 140?
35
Calculate the highest common factor of 3213 and 187272.
459
Calculate the greatest common factor of 1727 and 117194.
11
Calculate the greatest common divisor of 140439 and 845.
169
Calculate the highest common factor of 17 and 665380.
17
Calculate the highest common factor of 30495 and 5700.
285
What is the greatest common divisor of 216 and 2748?
12
What is the greatest common factor of 78 and 13324?
2
Calculate the highest common divisor of 358144 and 2304.
256
What is the highest common divisor of 1296 and 69904?
16
What is the highest common factor of 1854 and 452170?
206
Calculate the greatest common factor of 121338 and 1302.
42
What is the greatest common divisor of 689 and 117?
13
What is the greatest common factor of 108 and 2642?
2
What is the highest common factor of 496 and 188480?
496
Calculate the highest common divisor of 8928 and 1896.
24
What is the greatest common divisor of 535 and 425?
5
Calculate the highest common factor of 286 and 8918.
26
Calculate the highest common divisor of 1190 and 1702295.
595
What is the highest common factor of 110 and 131615?
55
What is the greatest common divisor of 294 and 251272?
98
What is the highest common factor of 8 and 3106712?
8
What is the greatest common divisor of 1497 and 81?
3
Calculate the highest common divisor of 684 and 133684.
76
Calculate the highest common factor of 19 and 4820148.
19
Calculate the greatest common factor of 69778 and 1390.
278
What is the highest common divisor of 19528 and 16?
8
Calculate the greatest common factor of 1272 and 1474672.
424
Calculate the greatest common divisor of 3248 and 2792.
8
What is the greatest common factor of 1856 and 2558496?
928
What is the highest common factor of 3432 and 63448?
88
What is the greatest common divisor of 6 and 505266?
6
Calculate the greatest common factor of 52 and 140764.
52
Calculate the greatest common factor of 11427 and 2535.
39
What is the highest common divisor of 194142 and 780?
78
Calculate the highest common divisor of 344 and 1536.
8
Calculate the greatest common factor of 9735 and 75.
15
Calculate the highest common divisor of 161 and 1988.
7
What is the highest common divisor of 548675 and 51?
17
What is the greatest common divisor of 14050 and 90?
10
Calculate the greatest common factor of 966 and 49128.
138
What is the highest common factor of 10846 and 2431?
187
What is the greatest common divisor of 3864 and 75432?
168
What is the highest common factor of 182 and 15678?
26
What is the highest common divisor of 1455 and 3139405?
485
What is the greatest common factor of 10 and 2228?
2
Calculate the greatest common divisor of 411927 and 2955.
591
Calculate the highest common divisor of 38364 and 1518.
138
What is the highest common divisor of 6230 and 210?
70
What is the greatest common divisor of 185 and 733303?
37
What is the highest common divisor of 9823 and 94?
47
What is the highest common divisor of 16119 and 81?
81
Calculate the highest common divisor of 804 and 4255773.
201
Calculate the greatest common factor of 120553 and 87.
29
Calculate the greatest common divisor of 7091 and 189.
7
What is the greatest common factor of 45 and 205?
5
Calculate the highest common divisor of 272 and 3842.
34
What is the grea